{"id":60,"date":"2024-05-19T19:16:53","date_gmt":"2024-05-19T19:16:53","guid":{"rendered":"https:\/\/www.freundeskreis-fes.de\/?page_id=60"},"modified":"2024-08-08T19:00:24","modified_gmt":"2024-08-08T19:00:24","slug":"mitglied-werden","status":"publish","type":"page","link":"https:\/\/www.freundeskreis-fes.de\/?page_id=60","title":{"rendered":"Mitglied werden"},"content":{"rendered":"\t\t<div data-elementor-type=\"wp-page\" data-elementor-id=\"60\" class=\"elementor elementor-60\">\n\t\t\t\t<div class=\"elementor-element elementor-element-5a10ff1 e-flex e-con-boxed e-con e-parent\" data-id=\"5a10ff1\" data-element_type=\"container\">\n\t\t\t\t\t<div class=\"e-con-inner\">\n\t\t\t\t<div class=\"elementor-element elementor-element-ba24eb3 elementor-widget elementor-widget-text-editor\" data-id=\"ba24eb3\" data-element_type=\"widget\" data-widget_type=\"text-editor.default\">\n\t\t\t\t<div class=\"elementor-widget-container\">\n\t\t\t\t\t\t\t\t\t<p>Wir freuen uns \u00fcber jedes neue Mitglied, das unsere Schule unterst\u00fctzen m\u00f6chte. Der Mitgliedsbeitrag betr\u00e4gt derzeit 12 \u20ac im Jahr. Um Mitglied zu werden, ben\u00f6tigen wir von Ihnen einen ausgef\u00fcllten und unterschriebenen Aufnahmeantrag. Geben Sie ihn im Sekretariat der Schule ab oder senden ihn postalisch an:<\/p><p><\/p><p><\/p><p><span style=\"font-weight: bolder;\">Freundeskreis der Friedrich-Ebert-Schule e V. i. G. Bremerhaven<br>Mecklenburger Weg 174<br>27578 Bremerhaven<\/span><\/p><p><\/p><p><\/p><p>Sie m\u00f6chten als&nbsp;<em>Unternehmen&nbsp;<\/em>(Mindestbeitrag F\u00f6rdermitgliedschaft 100 \u20ac\/Jahr) unseren Verein als F\u00f6rdermitglied unterst\u00fctzen? Dann schreiben Sie uns gerne eine E-Mail:&nbsp;<a href=\"mailto:info@freundeskreis-fes.de\">info@freundeskreis-fes.de<\/a>.<\/p><p><\/p><p><\/p><div class=\"wp-block-group\"><p><\/p><figure class=\"wp-block-image size-full is-resized\"><a href=\"https:\/\/www.freundeskreis-fes.de\/wp-content\/uploads\/2024\/08\/Formular-Beitrittserklaerung_v3.pdf\" target=\"_blank\" rel=\"noreferrer noopener\"><img fetchpriority=\"high\" decoding=\"async\" width=\"359\" height=\"514\" src=\"https:\/\/www.freundeskreis-fes.de\/wp-content\/uploads\/2024\/05\/aufnahmeantrag.gif\" alt=\"\" class=\"wp-image-153\" style=\"width: 359px;\"><\/a><p><\/p><figcaption class=\"wp-element-caption\">Mitgliedsantrag (August 2024)<\/figcaption><\/figure><\/div>\t\t\t\t\t\t\t\t<\/div>\n\t\t\t\t<\/div>\n\t\t\t\t\t<\/div>\n\t\t\t\t<\/div>\n\t\t\t\t<\/div>\n\t\t","protected":false},"excerpt":{"rendered":"<p>Wir freuen uns \u00fcber jedes neue Mitglied, das unsere Schule unterst\u00fctzen m\u00f6chte. Der Mitgliedsbeitrag betr\u00e4gt derzeit 12 \u20ac im Jahr. Um Mitglied zu werden, ben\u00f6tigen wir von Ihnen einen ausgef\u00fcllten und unterschriebenen Aufnahmeantrag. Geben Sie ihn im Sekretariat der Schule ab oder senden ihn postalisch an: Freundeskreis der Friedrich-Ebert-Schule e V. i. G. BremerhavenMecklenburger Weg [&hellip;]<\/p>\n","protected":false},"author":1,"featured_media":0,"parent":0,"menu_order":0,"comment_status":"closed","ping_status":"closed","template":"","meta":{"footnotes":""},"class_list":["post-60","page","type-page","status-publish","hentry"],"_links":{"self":[{"href":"https:\/\/www.freundeskreis-fes.de\/index.php?rest_route=\/wp\/v2\/pages\/60","targetHints":{"allow":["GET"]}}],"collection":[{"href":"https:\/\/www.freundeskreis-fes.de\/index.php?rest_route=\/wp\/v2\/pages"}],"about":[{"href":"https:\/\/www.freundeskreis-fes.de\/index.php?rest_route=\/wp\/v2\/types\/page"}],"author":[{"embeddable":true,"href":"https:\/\/www.freundeskreis-fes.de\/index.php?rest_route=\/wp\/v2\/users\/1"}],"replies":[{"embeddable":true,"href":"https:\/\/www.freundeskreis-fes.de\/index.php?rest_route=%2Fwp%2Fv2%2Fcomments&post=60"}],"version-history":[{"count":12,"href":"https:\/\/www.freundeskreis-fes.de\/index.php?rest_route=\/wp\/v2\/pages\/60\/revisions"}],"predecessor-version":[{"id":306,"href":"https:\/\/www.freundeskreis-fes.de\/index.php?rest_route=\/wp\/v2\/pages\/60\/revisions\/306"}],"wp:attachment":[{"href":"https:\/\/www.freundeskreis-fes.de\/index.php?rest_route=%2Fwp%2Fv2%2Fmedia&parent=60"}],"curies":[{"name":"wp","href":"https:\/\/api.w.org\/{rel}","templated":true}]}}